{"id":2504,"date":"2026-08-25T09:07:28","date_gmt":"2026-08-25T14:07:28","guid":{"rendered":"https:\/\/siempreenclase.cundinamarca.gov.co\/secsuperior\/?page_id=2504"},"modified":"2026-08-26T23:37:16","modified_gmt":"2026-08-27T04:37:16","slug":"colegios-pro","status":"publish","type":"page","link":"https:\/\/siempreenclase.cundinamarca.gov.co\/secsuperior\/colegios-pro\/","title":{"rendered":"Colegios + Pro"},"content":{"rendered":"\t\t<div data-elementor-type=\"wp-page\" data-elementor-id=\"2504\" class=\"elementor elementor-2504\" data-elementor-post-type=\"page\">\n\t\t\t\t<div class=\"elementor-element elementor-element-5f698cb e-flex e-con-boxed e-con e-parent\" data-id=\"5f698cb\" data-element_type=\"container\" data-e-type=\"container\" data-settings=\"{&quot;background_background&quot;:&quot;slideshow&quot;,&quot;background_slideshow_gallery&quot;:[{&quot;id&quot;:538,&quot;url&quot;:&quot;https:\\\/\\\/siempreenclase.cundinamarca.gov.co\\\/secsuperior\\\/wp-content\\\/uploads\\\/2025\\\/06\\\/Transformando-vidas.png&quot;},{&quot;id&quot;:48,&quot;url&quot;:&quot;https:\\\/\\\/siempreenclase.cundinamarca.gov.co\\\/secsuperior\\\/wp-content\\\/uploads\\\/2025\\\/05\\\/Image-1.jpg&quot;},{&quot;id&quot;:47,&quot;url&quot;:&quot;https:\\\/\\\/siempreenclase.cundinamarca.gov.co\\\/secsuperior\\\/wp-content\\\/uploads\\\/2025\\\/05\\\/Nin\\u2560aos-Sec-Educacion-30-scaled-1.jpg&quot;}],&quot;background_slideshow_lazyload&quot;:&quot;yes&quot;,&quot;background_slideshow_ken_burns&quot;:&quot;yes&quot;,&quot;background_slideshow_loop&quot;:&quot;yes&quot;,&quot;background_slideshow_slide_duration&quot;:5000,&quot;background_slideshow_slide_transition&quot;:&quot;fade&quot;,&quot;background_slideshow_transition_duration&quot;:500,&quot;background_slideshow_ken_burns_zoom_direction&quot;:&quot;in&quot;}\">\n\t\t\t\t\t<div class=\"e-con-inner\">\n\t\t\t\t<div class=\"elementor-element elementor-element-c8cd7d0 elementor-widget elementor-widget-heading\" data-id=\"c8cd7d0\" data-element_type=\"widget\" data-e-type=\"widget\" data-widget_type=\"heading.default\">\n\t\t\t\t\t<h2 class=\"elementor-heading-title elementor-size-default\">Colegios + Pro<\/h2>\t\t\t\t<\/div>\n\t\t\t\t<div class=\"elementor-element elementor-element-c143f1c elementor-widget elementor-widget-image\" data-id=\"c143f1c\" data-element_type=\"widget\" data-e-type=\"widget\" data-widget_type=\"image.default\">\n\t\t\t\t\t\t\t\t\t\t\t\t\t\t\t<img decoding=\"async\" width=\"464\" height=\"3\" src=\"https:\/\/siempreenclase.cundinamarca.gov.co\/secsuperior\/wp-content\/uploads\/2025\/05\/Separador-Cundinamarca.png\" class=\"attachment-large size-large wp-image-12\" alt=\"\" \/>\t\t\t\t\t\t\t\t\t\t\t\t\t\t\t<\/div>\n\t\t<div class=\"elementor-element elementor-element-161f315 e-con-full e-grid e-con e-child\" data-id=\"161f315\" data-element_type=\"container\" data-e-type=\"container\">\n\t\t\t\t<div class=\"elementor-element elementor-element-3046a6b elementor-align-center elementor-widget__width-auto elementor-widget elementor-widget-button\" data-id=\"3046a6b\" data-element_type=\"widget\" data-e-type=\"widget\" data-settings=\"{&quot;motion_fx_motion_fx_scrolling&quot;:&quot;yes&quot;,&quot;motion_fx_devices&quot;:[&quot;desktop&quot;,&quot;laptop&quot;,&quot;tablet&quot;,&quot;mobile&quot;]}\" data-widget_type=\"button.default\">\n\t\t\t\t\t\t\t\t\t\t<a class=\"elementor-button elementor-button-link elementor-size-sm\" href=\"https:\/\/siempreenclase.cundinamarca.gov.co\/secsuperior\/wp-content\/uploads\/2025\/10\/Plan-regional-de-articulacion-2025-2027.pdf\">\n\t\t\t\t\t\t<span class=\"elementor-button-content-wrapper\">\n\t\t\t\t\t\t\t\t\t<span class=\"elementor-button-text\">Plan Regional de Articulaci\u00f3n 2025-2027<\/span>\n\t\t\t\t\t<\/span>\n\t\t\t\t\t<\/a>\n\t\t\t\t\t\t\t\t<\/div>\n\t\t\t\t<div class=\"elementor-element elementor-element-e0c7dbc elementor-align-center elementor-widget__width-auto elementor-widget elementor-widget-button\" data-id=\"e0c7dbc\" data-element_type=\"widget\" data-e-type=\"widget\" data-widget_type=\"button.default\">\n\t\t\t\t\t\t\t\t\t\t<a class=\"elementor-button elementor-button-link elementor-size-sm\" href=\"https:\/\/siempreenclase.cundinamarca.gov.co\/secsuperior\/wp-content\/uploads\/2026\/08\/Programa-de-Extension-ES-Cundinamarca-Documento-Tecnico-WEB.pdf\">\n\t\t\t\t\t\t<span class=\"elementor-button-content-wrapper\">\n\t\t\t\t\t\t\t\t\t<span class=\"elementor-button-text\">Documento t\u00e9cnico programa de extensi\u00f3n\/regionalizaci\u00f3n universitaria ES en Cundinamarca<\/span>\n\t\t\t\t\t<\/span>\n\t\t\t\t\t<\/a>\n\t\t\t\t\t\t\t\t<\/div>\n\t\t\t\t<div class=\"elementor-element elementor-element-a8a7e05 elementor-align-center elementor-widget__width-auto elementor-widget elementor-widget-button\" data-id=\"a8a7e05\" data-element_type=\"widget\" data-e-type=\"widget\" data-widget_type=\"button.default\">\n\t\t\t\t\t\t\t\t\t\t<a class=\"elementor-button elementor-button-link elementor-size-sm\" href=\"https:\/\/siempreenclase.cundinamarca.gov.co\/secsuperior\/wp-content\/uploads\/2026\/08\/Programa-de-ES-en-Virtualidad-Documento-Tecnico-Agosto-2026.pdf\">\n\t\t\t\t\t\t<span class=\"elementor-button-content-wrapper\">\n\t\t\t\t\t\t\t\t\t<span class=\"elementor-button-text\">Documento t\u00e9cnico programa ES en virtualidad<\/span>\n\t\t\t\t\t<\/span>\n\t\t\t\t\t<\/a>\n\t\t\t\t\t\t\t\t<\/div>\n\t\t\t\t<\/div>\n\t\t\t\t\t<\/div>\n\t\t\t\t<\/div>\n\t\t\t\t<\/div>\n\t\t","protected":false},"excerpt":{"rendered":"<p>Colegios + Pro Plan Regional de Articulaci\u00f3n 2025-2027 Documento t\u00e9cnico programa de extensi\u00f3n\/regionalizaci\u00f3n universitaria ES en Cundinamarca Documento t\u00e9cnico programa ES en virtualidad<\/p>\n","protected":false},"author":2,"featured_media":0,"parent":0,"menu_order":0,"comment_status":"closed","ping_status":"closed","template":"elementor_header_footer","meta":{"footnotes":""},"class_list":["post-2504","page","type-page","status-publish","hentry"],"_links":{"self":[{"href":"https:\/\/siempreenclase.cundinamarca.gov.co\/secsuperior\/wp-json\/wp\/v2\/pages\/2504","targetHints":{"allow":["GET"]}}],"collection":[{"href":"https:\/\/siempreenclase.cundinamarca.gov.co\/secsuperior\/wp-json\/wp\/v2\/pages"}],"about":[{"href":"https:\/\/siempreenclase.cundinamarca.gov.co\/secsuperior\/wp-json\/wp\/v2\/types\/page"}],"author":[{"embeddable":true,"href":"https:\/\/siempreenclase.cundinamarca.gov.co\/secsuperior\/wp-json\/wp\/v2\/users\/2"}],"replies":[{"embeddable":true,"href":"https:\/\/siempreenclase.cundinamarca.gov.co\/secsuperior\/wp-json\/wp\/v2\/comments?post=2504"}],"version-history":[{"count":7,"href":"https:\/\/siempreenclase.cundinamarca.gov.co\/secsuperior\/wp-json\/wp\/v2\/pages\/2504\/revisions"}],"predecessor-version":[{"id":2534,"href":"https:\/\/siempreenclase.cundinamarca.gov.co\/secsuperior\/wp-json\/wp\/v2\/pages\/2504\/revisions\/2534"}],"wp:attachment":[{"href":"https:\/\/siempreenclase.cundinamarca.gov.co\/secsuperior\/wp-json\/wp\/v2\/media?parent=2504"}],"curies":[{"name":"wp","href":"https:\/\/api.w.org\/{rel}","templated":true}]}}

<div data-elementor-type="wp-page" data-elementor-id="2504" class="elementor elementor-2504" data-elementor-post-type="page">
				<div class="elementor-element elementor-element-5f698cb e-flex e-con-boxed e-con e-parent" data-id="5f698cb" data-element_type="container" data-e-type="container" data-settings="{&quot;background_background&quot;:&quot;slideshow&quot;,&quot;background_slideshow_gallery&quot;:[{&quot;id&quot;:538,&quot;url&quot;:&quot;https:\/\/siempreenclase.cundinamarca.gov.co\/secsuperior\/wp-content\/uploads\/2025\/06\/Transformando-vidas.png&quot;},{&quot;id&quot;:48,&quot;url&quot;:&quot;https:\/\/siempreenclase.cundinamarca.gov.co\/secsuperior\/wp-content\/uploads\/2025\/05\/Image-1.jpg&quot;},{&quot;id&quot;:47,&quot;url&quot;:&quot;https:\/\/siempreenclase.cundinamarca.gov.co\/secsuperior\/wp-content\/uploads\/2025\/05\/Nin\u2560aos-Sec-Educacion-30-scaled-1.jpg&quot;}],&quot;background_slideshow_lazyload&quot;:&quot;yes&quot;,&quot;background_slideshow_ken_burns&quot;:&quot;yes&quot;,&quot;background_slideshow_loop&quot;:&quot;yes&quot;,&quot;background_slideshow_slide_duration&quot;:5000,&quot;background_slideshow_slide_transition&quot;:&quot;fade&quot;,&quot;background_slideshow_transition_duration&quot;:500,&quot;background_slideshow_ken_burns_zoom_direction&quot;:&quot;in&quot;}">
					<div class="e-con-inner">
				<div class="elementor-element elementor-element-c8cd7d0 elementor-widget elementor-widget-heading" data-id="c8cd7d0" data-element_type="widget" data-e-type="widget" data-widget_type="heading.default">
					<h2 class="elementor-heading-title elementor-size-default">Colegios + Pro</h2>				</div>
				<div class="elementor-element elementor-element-c143f1c elementor-widget elementor-widget-image" data-id="c143f1c" data-element_type="widget" data-e-type="widget" data-widget_type="image.default">
															<img decoding="async" width="464" height="3" src="https://siempreenclase.cundinamarca.gov.co/secsuperior/wp-content/uploads/2025/05/Separador-Cundinamarca.png" class="attachment-large size-large wp-image-12" alt="" />															</div>
		<div class="elementor-element elementor-element-161f315 e-con-full e-grid e-con e-child" data-id="161f315" data-element_type="container" data-e-type="container">
				<div class="elementor-element elementor-element-3046a6b elementor-align-center elementor-widget__width-auto elementor-widget elementor-widget-button" data-id="3046a6b" data-element_type="widget" data-e-type="widget" data-settings="{&quot;motion_fx_motion_fx_scrolling&quot;:&quot;yes&quot;,&quot;motion_fx_devices&quot;:[&quot;desktop&quot;,&quot;laptop&quot;,&quot;tablet&quot;,&quot;mobile&quot;]}" data-widget_type="button.default">
										<a class="elementor-button elementor-button-link elementor-size-sm" href="https://siempreenclase.cundinamarca.gov.co/secsuperior/wp-content/uploads/2025/10/Plan-regional-de-articulacion-2025-2027.pdf">
						<span class="elementor-button-content-wrapper">
									<span class="elementor-button-text">Plan Regional de Articulación 2025-2027</span>
					</span>
					</a>
								</div>
				<div class="elementor-element elementor-element-e0c7dbc elementor-align-center elementor-widget__width-auto elementor-widget elementor-widget-button" data-id="e0c7dbc" data-element_type="widget" data-e-type="widget" data-widget_type="button.default">
										<a class="elementor-button elementor-button-link elementor-size-sm" href="https://siempreenclase.cundinamarca.gov.co/secsuperior/wp-content/uploads/2026/08/Programa-de-Extension-ES-Cundinamarca-Documento-Tecnico-WEB.pdf">
						<span class="elementor-button-content-wrapper">
									<span class="elementor-button-text">Documento técnico programa de extensión/regionalización universitaria ES en Cundinamarca</span>
					</span>
					</a>
								</div>
				<div class="elementor-element elementor-element-a8a7e05 elementor-align-center elementor-widget__width-auto elementor-widget elementor-widget-button" data-id="a8a7e05" data-element_type="widget" data-e-type="widget" data-widget_type="button.default">
										<a class="elementor-button elementor-button-link elementor-size-sm" href="https://siempreenclase.cundinamarca.gov.co/secsuperior/wp-content/uploads/2026/08/Programa-de-ES-en-Virtualidad-Documento-Tecnico-Agosto-2026.pdf">
						<span class="elementor-button-content-wrapper">
									<span class="elementor-button-text">Documento técnico programa ES en virtualidad</span>
					</span>
					</a>
								</div>
				</div>
					</div>
				</div>
				</div>

<p>Colegios + Pro Plan Regional de Articulación 2025-2027 Documento técnico programa de extensión/regionalización universitaria ES en Cundinamarca Documento técnico programa ES en virtualidad</p>
